20?
95
What is the highest common divisor of 48 and 12984?
24
What is the highest common factor of 561 and 6?
3
What is the greatest common factor of 12285 and 182?
91
Calculate the highest common factor of 209 and 23617.
209
What is the highest common divisor of 217 and 3?
1
What is the greatest common factor of 800 and 100?
100
Calculate the greatest common divisor of 55 and 160.
5
What is the highest common factor of 22 and 18?
2
What is the greatest common factor of 4815 and 60?
15
Calculate the greatest common factor of 2135 and 122.
61
What is the greatest common factor of 1469 and 1808?
113
Calculate the highest common divisor of 546 and 6.
6
Calculate the highest common divisor of 28 and 1556.
4
What is the highest common divisor of 26 and 11414?
26
What is the greatest common factor of 110 and 510?
10
Calculate the highest common factor of 2375 and 760.
95
What is the highest common divisor of 12568 and 24?
8
What is the greatest common factor of 67 and 1273?
67
What is the greatest common divisor of 552 and 8188?
92
Calculate the greatest common divisor of 100 and 100.
100
What is the highest common factor of 18 and 1116?
18
What is the greatest common factor of 3606 and 6?
6
What is the highest common divisor of 196 and 8?
4
Calculate the greatest common factor of 36 and 1908.
36
What is the highest common factor of 18 and 2178?
18
Calculate the greatest common factor of 128 and 32.
32
What is the greatest common divisor of 94 and 2?
2
What is the highest common factor of 1512 and 126?
126
Calculate the highest common divisor of 204 and 578.
34
Calculate the greatest common factor of 3036 and 368.
92
What is the greatest common factor of 6 and 2064?
6
Calculate the highest common divisor of 15 and 420.
15
What is the highest common divisor of 198 and 234?
18
Calculate the highest common divisor of 8 and 146.
2
What is the greatest common factor of 84 and 1162?
14
Calculate the greatest common divisor of 11 and 2519.
11
Calculate the highest common divisor of 78 and 13182.
78
Calculate the greatest common factor of 15 and 55.
5
What is the highest common divisor of 578 and 1598?
34
What is the greatest common factor of 14689 and 37?
37
What is the highest common factor of 38 and 95?
19
What is the highest common divisor of 6 and 7344?
6
Calculate the highest common factor of 280 and 1.
1
Calculate the greatest common divisor of 95 and 627.
19
What is the greatest common factor of 240 and 340?
20
Calculate the greatest common factor of 54 and 54.
54
What is the greatest common divisor of 19 and 323?
19
What is the highest common divisor of 8 and 344?
8
What is the highest common divisor of 54 and 171?
9
What is the highest common divisor of 4374 and 198?
18
Calculate the highest common divisor of 13019 and 554.
277
What is the highest common factor of 294 and 84?
42
Calculate the greatest common divisor of 45 and 1935.
45
What is the greatest common factor of 1176 and 408?
24
What is the highest common factor of 490 and 3038?
98
Calculate the highest common divisor of 552 and 78.
6
Calculate the highest common divisor of 260 and 20.
20
What is the highest common divisor of 24 and 264?
24
What is the greatest common factor of 119 and 51?
17
Calculate the greatest common factor of 507 and 208.
13
What is the highest common divisor of 175 and 75?
25
What is the highest common divisor of 51 and 1547?
17
What is the greatest common divisor of 1908 and 36?
36
What is the highest common divisor of 1044 and 24?
12
Calculate the highest common divisor of 7902 and 198.
18
What is the highest common divisor of 1666 and 119?
119
Calculate the highest common divisor of 831 and 2216.
277
Calculate the highest common divisor of 60 and 345.
15
Calculate the greatest common factor of 366 and 610.
122
What is the highest common divisor of 180 and 36?
36
Calculate the greatest common factor of 36 and 948.
12
Calculate the greatest common factor of 2208 and 690.
138
Calculate the highest common factor of 220 and 160.
20
What is the highest common divisor of 2259 and 9?
9
What is the highest common divisor of 3695 and 20?
5
Calculate the highest common divisor of 176 and 1210.
22
Calculate the greatest common factor of 9 and 25614.
9
What is the greatest common divisor of 465 and 30?
15
Calculate the greatest common factor of 30 and 7850.
10
Calculate the greatest common divisor of 13 and 1053.
13
Calculate the highest common divisor of 3102 and 12.
6
What is the highest common factor of 87 and 2407?
29
What is the highest common factor of 70 and 238?
14
Calculate the highest common divisor of 125 and 225.
25
Calculate the highest common factor of 35 and 5.
5
Calculate the highest common factor of 2911 and 369.
41
Calculate the highest common divisor of 4 and 422.
2
Calculate the greatest common divisor of 1026 and 76.
38
What is the highest common factor of 170 and 10?
10
What is the greatest common factor of 2150 and 86?
86
What is the greatest common divisor of 1243 and 66?
11
What is the greatest common factor of 90 and 135?
45
What is the greatest common divisor of 90 and 40?
10
What is the highest common divisor of 84 and 8421?
21
What is the highest common divisor of 102 and 170?
34
What is the greatest common divisor of 157 and 82111?
157
What is the highest common divisor of 1899 and 9?
9
What is the highest common factor of 17877 and 303?
303
Calculate the greatest common factor of 496 and 256.
16
What is the highest common divisor of 8 and 13088?
8
Calculate the highest common divisor of 90 and 5715.
45
What is the greatest common factor of 11 and 20581?
11
What is the highest common factor of 3397 and 79?
79
What is the greatest common factor of 9750 and 50?
50
What is the greatest common factor of 203 and 47299?
203
Calculate the greatest common divisor of 324 and 5292.
108
Calculate the highest common factor of 5096 and 1976.
104
What is the highest common factor of 400 and 12?
4
Calculate the greatest common divisor of 440 and 22.
22
What is the highest common divisor of 122 and 15494?
122
What is the highest common factor of 126 and 3591?
63
Calculate the highest common divisor of 220 and 22.
22
Calculate the greatest common divisor of 4 and 1066.
2
What is the highest common factor of 11639 and 103?
103
Calculate the greatest common factor of 183 and 2867.
61
Calculate the highest common factor of 391 and 1088.
17
What is the highest common factor of 79 and 7584?
79
Calculate the highest common divisor of 246 and 84.
6
Calculate the greatest common divisor of 13 and 27703.
13
Calculate the highest common divisor of 28 and 15960.
28
Calculate the greatest common divisor of 944 and 177.
59
What is the greatest common divisor of 1092 and 3588?
156
Calculate the highest common divisor of 38 and 14174.
38
Calculate the highest common factor of 96 and 3.
3
What is the highest common factor of 8 and 4?
4
What is the highest common divisor of 94 and 987?
47
Calculate the highest common divisor of 440 and 110.
110
What is the highest common factor of 2442 and 66?
66
Calculate the greatest common divisor of 24 and 808.
8
What is the greatest common divisor of 27 and 297?
27
Calculate the greatest common divisor of 165 and 2706.
33
What is the greatest common factor of 7 and 43?
1
Calculate the greatest common divisor of 22 and 4.
2
What is the greatest common factor of 22 and 44?
22
Calculate the greatest common factor of 715 and 15.
5
Calculate the greatest common factor of 224 and 56.
56
Calculate the highest common divisor of 546 and 6342.
42
Calculate the highest common divisor of 2209 and 1.
1
What is the highest common divisor of 840 and 1155?
105
Calculate the greatest common factor of 260 and 2834.
26
Calculate the highest common factor of 7860 and 120.
60
Calculate the greatest common divisor of 5875 and 625.
125
What is the highest common divisor of 27196 and 52?
52
Calculate the highest common factor of 7155 and 135.
135
What is the highest common factor of 308 and 84?
28
Calculate the greatest common factor of 38 and 361.
19
Calculate the greatest common divisor of 80 and 235.
5
What is the highest common divisor of 108 and 702?
54
Calculate the greatest common factor of 34 and 153.
17
What is the highest common factor of 182 and 2